en 412 is divided by 59.
58
What is the remainder when 97 is divided by 26?
19
What is the remainder when 2074 is divided by 25?
24
What is the remainder when 664 is divided by 50?
14
Calculate the remainder when 16183 is divided by 76.
71
Calculate the remainder when 143 is divided by 37.
32
What is the remainder when 417 is divided by 196?
25
Calculate the remainder when 115 is divided by 30.
25
What is the remainder when 736 is divided by 149?
140
What is the remainder when 1060 is divided by 59?
57
Calculate the remainder when 688 is divided by 249.
190
What is the remainder when 1240 is divided by 106?
74
What is the remainder when 428 is divided by 32?
12
What is the remainder when 183 is divided by 40?
23
What is the remainder when 44 is divided by 10?
4
What is the remainder when 816 is divided by 20?
16
Calculate the remainder when 513 is divided by 107.
85
Calculate the remainder when 136 is divided by 24.
16
Calculate the remainder when 104 is divided by 57.
47
What is the remainder when 501 is divided by 36?
33
Calculate the remainder when 784 is divided by 35.
14
Calculate the remainder when 547 is divided by 540.
7
What is the remainder when 613 is divided by 151?
9
Calculate the remainder when 108 is divided by 7.
3
What is the remainder when 925 is divided by 94?
79
What is the remainder when 116 is divided by 9?
8
What is the remainder when 309 is divided by 293?
16
Calculate the remainder when 113 is divided by 13.
9
Calculate the remainder when 906 is divided by 154.
136
Calculate the remainder when 73 is divided by 32.
9
Calculate the remainder when 253 is divided by 51.
49
What is the remainder when 11406 is divided by 600?
6
What is the remainder when 9124 is divided by 25?
24
Calculate the remainder when 1682 is divided by 73.
3
Calculate the remainder when 77 is divided by 44.
33
Calculate the remainder when 1042 is divided by 97.
72
What is the remainder when 19 is divided by 13?
6
Calculate the remainder when 73 is divided by 16.
9
Calculate the remainder when 32 is divided by 19.
13
What is the remainder when 326 is divided by 14?
4
Calculate the remainder when 148 is divided by 75.
73
What is the remainder when 6534 is divided by 13?
8
What is the remainder when 721 is divided by 38?
37
Calculate the remainder when 119 is divided by 27.
11
What is the remainder when 417 is divided by 20?
17
What is the remainder when 305 is divided by 81?
62
Calculate the remainder when 70 is divided by 58.
12
What is the remainder when 95 is divided by 12?
11
What is the remainder when 447 is divided by 3?
0
What is the remainder when 2438 is divided by 7?
2
Calculate the remainder when 303 is divided by 112.
79
Calculate the remainder when 1288 is divided by 53.
16
Calculate the remainder when 14 is divided by 7.
0
What is the remainder when 221 is divided by 28?
25
What is the remainder when 94 is divided by 29?
7
What is the remainder when 3362 is divided by 280?
2
What is the remainder when 148 is divided by 15?
13
What is the remainder when 52 is divided by 21?
10
Calculate the remainder when 6117 is divided by 18.
15
Calculate the remainder when 74 is divided by 27.
20
What is the remainder when 175 is divided by 14?
7
Calculate the remainder when 832 is divided by 141.
127
Calculate the remainder when 331 is divided by 122.
87
Calculate the remainder when 3244 is divided by 14.
10
Calculate the remainder when 558 is divided by 95.
83
Calculate the remainder when 10119 is divided by 110.
109
What is the remainder when 506 is divided by 85?
81
Calculate the remainder when 98 is divided by 11.
10
What is the remainder when 311 is divided by 79?
74
Calculate the remainder when 280 is divided by 101.
78
What is the remainder when 96 is divided by 13?
5
What is the remainder when 555 is divided by 180?
15
Calculate the remainder when 927 is divided by 58.
57
What is the remainder when 562 is divided by 42?
16
Calculate the remainder when 761 is divided by 709.
52
Calculate the remainder when 858 is divided by 212.
10
Calculate the remainder when 345 is divided by 78.
33
Calculate the remainder when 297 is divided by 108.
81
Calculate the remainder when 597 is divided by 218.
161
Calculate the remainder when 1704 is divided by 20.
4
What is the remainder when 115 is divided by 77?
38
What is the remainder when 268 is divided by 43?
10
Calculate the remainder when 516 is divided by 137.
105
What is the remainder when 834 is divided by 207?
6
What is the remainder when 86 is divided by 51?
35
Calculate the remainder when 89 is divided by 47.
42
What is the remainder when 50 is divided by 27?
23
What is the remainder when 944 is divided by 312?
8
What is the remainder when 5698 is divided by 95?
93
Calculate the remainder when 1083 is divided by 11.
5
What is the remainder when 867 is divided by 218?
213
Calculate the remainder when 32 is divided by 7.
4
What is the remainder when 38 is divided by 13?
12
Calculate the remainder when 89 is divided by 25.
14
Calculate the remainder when 49 is divided by 18.
13
Calculate the remainder when 6278 is divided by 7.
6
What is the remainder when 6342 is divided by 141?
138
Calculate the remainder when 306 is divided by 15.
6
Calculate the remainder when 1603 is divided by 69.
16
Calculate the remainder when 32188 is divided by 87.
85
Calculate the remainder when 2586 is divided by 237.
216
What is the remainder when 468 is divided by 123?
99
Calculate the remainder when 358 is divided by 57.
16
What is the remainder when 2043 is divided by 1017?
9
What is the remainder when 2677 is divided by 446?
1
What is the remainder when 64 is divided by 55?
9
Calculate the remainder when 356 is divided by 51.
50
Calculate the remainder when 264 is divided by 38.
36
What is the remainder when 17 is divided by 16?
1
Calculate the remainder when 16 is divided by 7.
2
Calculate the remainder when 768 is divided by 188.
16
What is the remainder when 56 is divided by 38?
18
Calculate the remainder when 16194 is divided by 219.
207
Calculate the remainder when 311 is divided by 13.
12
Calculate the remainder when 89 is divided by 74.
15
Calculate the remainder when 444 is divided by 14.
10
What is the remainder when 12256 is divided by 18?
16
Calculate the remainder when 105 is divided by 31.
12
Calculate the remainder when 8558 is divided by 80.
78
What is the remainder when 77562 is divided by 15?
12
Calculate the remainder when 19 is divided by 7.
5
What is the remainder when 3237 is divided by 807?
9
What is the remainder when 26925 is divided by 187?
184
Calculate the remainder when 46 is divided by 15.
1
What is the remainder when 25 is divided by 9?
7
Calculate the remainder when 11387 is divided by 219.
218
Calculate the remainder when 221 is divided by 45.
41
Calculate the remainder when 5919 is divided by 18.
15
What is the remainder when 374 is divided by 47?
45
What is the remainder when 386 is divided by 43?
42
What is the remainder when 4589 is divided by 170?
169
Calculate the remainder when 35 is divided by 18.
17
Calculate the remainder when 180 is divided by 94.
86
Calculate the remainder when 264 is divided by 53.
52
Calculate the remainder when 116 is divided by 9.
8
Calculate the remainder when 499 is divided by 238.
23
Calculate the remainder when 156 is divided by 74.
8
What is the remainder when 7663 is divided by 2554?
1
What is the remainder when 1471 is divided by 27?
13
Calculate the remainder when 711 is divided by 10.
1
Calculate the remainder when 188 is divided by 111.
77
Calculate the remainder when 49 is divided by 26.
23
Calculate the remainder when 1266 is divided by 422.
0
What is the remainder when 371 is divided by 120?
11
Calculate the remainder when 204 is divided by 67.
3
Calculate the remainder when 382 is divided by 36.
22
Calculate the remainder when 1552 is divided by 42.
40
Calculate the remainder when 212 is divided by 44.
36
What is the remainder when 331 is divided by 322?
9
What is the remainder when 3483 is divided by 67?
66
What is the remainder when 64 is divided by 24?
16
Calculate the remainder when 2747 is divided by 4.
3
Calculate the remainder when 244 is divided by 31.
27
Calculate the remainder when 226 is divided by 49.
30
Calculate the remainde